{"id":2503,"date":"2025-11-09T21:28:20","date_gmt":"2025-11-09T19:28:20","guid":{"rendered":"https:\/\/casino-bk-site61.top\/?page_id=2503"},"modified":"2025-11-09T21:28:34","modified_gmt":"2025-11-09T19:28:34","slug":"privacy-policy","status":"publish","type":"page","link":"https:\/\/casino-bk-site61.top\/privacy-policy\/","title":{"rendered":"Privacy Policy"},"content":{"rendered":"<h1><b>Nossa Pol\u00edtica de Privacidade<\/b><\/h1>\n<p><span style=\"font-weight: 400;\">Fala, meu chapa! A gente sabe que voc\u00ea se importa com a sua privacidade, e aqui no HeroSpin, a gente tamb\u00e9m se importa. Ent\u00e3o, queremos te contar tudo sobre como a gente cuida dos seus dados enquanto voc\u00ea curte os jogos aqui com a gente. Fique tranquilo, a gente vai explicar tudo de um jeito simples e direto.<\/span><\/p>\n<h2><b>Como Funciona Aqui<\/b><\/h2>\n<p><span style=\"font-weight: 400;\">Essa pol\u00edtica de privacidade vale para todo mundo que entra no HeroSpin Casino Portugal \u2013 tanto quem s\u00f3 d\u00e1 uma olhada quanto quem j\u00e1 est\u00e1 jogando. Ent\u00e3o, se voc\u00ea decidiu se cadastrar, essa conversa \u00e9 com voc\u00ea. Ao usar nosso site, voc\u00ea t\u00e1 dizendo que aceita tudo que a gente falou aqui.<\/span><\/p>\n<h2><b>Quem Somos N\u00f3s<\/b><\/h2>\n<p><span style=\"font-weight: 400;\">A gente \u00e9 o HeroSpin Casino, e estamos aqui para garantir que voc\u00ea tenha uma experi\u00eancia de jogo daora. Temos de tudo: ca\u00e7a-n\u00edqueis, roleta, blackjack e muito mais. Estamos 100% focados em te oferecer uma experi\u00eancia de jogo segura e divertida. E o melhor de tudo, com aquele toque de confian\u00e7a.\u00a0<\/span><\/p>\n<p><b>Que Tipo de Dados a Gente Coleta?<\/b><\/p>\n<p><span style=\"font-weight: 400;\">Ent\u00e3o, a gente coleta algumas coisinhas quando voc\u00ea se cadastra ou come\u00e7a a jogar. N\u00e3o \u00e9 nada demais, pode ficar tranquilo! Aqui est\u00e1 o que pode rolar:<\/span><\/p>\n<ul>\n<li style=\"font-weight: 400;\" aria-level=\"1\"><b>Informa\u00e7\u00f5es B\u00e1sicas<\/b><span style=\"font-weight: 400;\">: Seu nome, e-mail, data de nascimento e outras informa\u00e7\u00f5es que voc\u00ea preenche ao se cadastrar.<\/span>&nbsp;<\/li>\n<li style=\"font-weight: 400;\" aria-level=\"1\"><b>Informa\u00e7\u00f5es de Pagamento<\/b><span style=\"font-weight: 400;\">: Os dados dos m\u00e9todos que voc\u00ea usa para fazer dep\u00f3sitos ou retirar grana.<\/span>&nbsp;<\/li>\n<li style=\"font-weight: 400;\" aria-level=\"1\"><b>Informa\u00e7\u00f5es de Navega\u00e7\u00e3o<\/b><span style=\"font-weight: 400;\">: Coletamos uns detalhes sobre como voc\u00ea usa o nosso site, tipo seu IP, o navegador que est\u00e1 usando e o idioma preferido.<\/span>&nbsp;<\/li>\n<\/ul>\n<h2><b>Por Que a Gente Coleta Esses Dados?<\/b><\/h2>\n<p><span style=\"font-weight: 400;\">A gente coleta esses dados por alguns motivos simples, como para:<\/span><\/p>\n<ul>\n<li style=\"font-weight: 400;\" aria-level=\"1\"><b>Te deixar jogar<\/b><span style=\"font-weight: 400;\">: Claro, a gente precisa dessas informa\u00e7\u00f5es para te deixar aproveitar os jogos no HeroSpin Casino.<\/span>&nbsp;<\/li>\n<li style=\"font-weight: 400;\" aria-level=\"1\"><b>Fazer transa\u00e7\u00f5es seguras<\/b><span style=\"font-weight: 400;\">: Para garantir que seus dep\u00f3sitos e retiradas aconte\u00e7am da forma mais segura poss\u00edvel.<\/span>&nbsp;<\/li>\n<li style=\"font-weight: 400;\" aria-level=\"1\"><b>Melhorar a sua experi\u00eancia<\/b><span style=\"font-weight: 400;\">: Quanto mais a gente sabe como voc\u00ea usa o site, mais podemos personalizar a experi\u00eancia e te entregar o que voc\u00ea mais gosta.<\/span>&nbsp;<\/li>\n<li style=\"font-weight: 400;\" aria-level=\"1\"><b>Cumprir a lei<\/b><span style=\"font-weight: 400;\">: Como qualquer empresa, a gente precisa ficar de olho nas regras e garantir que tudo esteja dentro da legalidade.<\/span>&nbsp;<\/li>\n<\/ul>\n<h2><b>Como a Gente Usa Seus Dados<\/b><\/h2>\n<p><span style=\"font-weight: 400;\">Agora, \u00e9 importante saber que os dados n\u00e3o ficam por a\u00ed, espalhados. S\u00f3 usamos eles para tr\u00eas coisas principais:<\/span><\/p>\n<ul>\n<li style=\"font-weight: 400;\" aria-level=\"1\"><b>Oferecer os servi\u00e7os<\/b><span style=\"font-weight: 400;\"> que voc\u00ea quer: Para voc\u00ea jogar tranquilo e aproveitar ao m\u00e1ximo tudo o que o HeroSpin Casino tem a oferecer.<\/span>&nbsp;<\/li>\n<li style=\"font-weight: 400;\" aria-level=\"1\"><b>Processar pagamentos<\/b><span style=\"font-weight: 400;\">: Para garantir que seu dinheiro entre e saia de forma r\u00e1pida e segura.<\/span>&nbsp;<\/li>\n<li style=\"font-weight: 400;\" aria-level=\"1\"><b>Melhorar a nossa plataforma<\/b><span style=\"font-weight: 400;\">: \u00c0s vezes, a gente analisa o que voc\u00ea curte jogar para deixar o site mais top.<\/span>&nbsp;<\/li>\n<\/ul>\n<h2><b>E a Seguran\u00e7a, Como Fica?<\/b><\/h2>\n<p><span style=\"font-weight: 400;\">A seguran\u00e7a dos seus dados \u00e9 uma parada s\u00e9ria aqui, meu chapa. A gente usa as melhores tecnologias de prote\u00e7\u00e3o, como a criptografia SSL, para que tudo o que voc\u00ea faz no site, desde um clique at\u00e9 uma transa\u00e7\u00e3o, fique seguro. Isso inclui tamb\u00e9m o uso de firewalls para proteger nossos sistemas.<\/span><\/p>\n<h2><b>Vai Compartilhar Meus Dados com Algu\u00e9m?<\/b><\/h2>\n<p><span style=\"font-weight: 400;\">Fica tranquilo, a gente n\u00e3o sai por a\u00ed compartilhando seus dados com qualquer pessoa. S\u00f3 vai rolar se for estritamente necess\u00e1rio para:<\/span><\/p>\n<ul>\n<li style=\"font-weight: 400;\" aria-level=\"1\"><b>Processar pagamentos<\/b><span style=\"font-weight: 400;\"> com empresas que ajudam a garantir que voc\u00ea possa depositar e sacar grana do jeito mais f\u00e1cil poss\u00edvel.<\/span>&nbsp;<\/li>\n<li style=\"font-weight: 400;\" aria-level=\"1\"><b>Autoridades reguladoras<\/b><span style=\"font-weight: 400;\">: Se algum \u00f3rg\u00e3o pedir, a gente tem que cumprir. Mas \u00e9 s\u00f3 quando \u00e9 exigido por lei.<\/span>&nbsp;<\/li>\n<\/ul>\n<h2><b>Quanto Tempo Voc\u00eas Guardam Meus Dados?<\/b><\/h2>\n<p><span style=\"font-weight: 400;\">Olha, a gente s\u00f3 guarda seus dados pelo tempo que for realmente necess\u00e1rio para te oferecer os servi\u00e7os e cumprir com as leis. Quando n\u00e3o precisar mais, vamos destruir os dados com todo o cuidado poss\u00edvel, para ningu\u00e9m ficar com suas informa\u00e7\u00f5es.<\/span><\/p>\n<h2><b>Quais S\u00e3o os Meus Direitos?<\/b><\/h2>\n<p><span style=\"font-weight: 400;\">Voc\u00ea tem direito de pedir para a gente acessar, corrigir ou at\u00e9 apagar seus dados. E se voc\u00ea n\u00e3o quiser que a gente use seus dados para alguma coisa, voc\u00ea pode pedir para interromper o uso a qualquer momento. S\u00f3 entrar em contato com a gente!<\/span><\/p>\n<h2><b>Cookies, O Que S\u00e3o Isso?<\/b><\/h2>\n<p><span style=\"font-weight: 400;\">Ah, sim! Usamos <\/span><b>cookies<\/b><span style=\"font-weight: 400;\"> (n\u00e3o os de chocolate, infelizmente), para melhorar sua experi\u00eancia no nosso site. Eles ajudam a personalizar o que voc\u00ea v\u00ea e tamb\u00e9m a analisar o que voc\u00ea est\u00e1 fazendo por aqui. Se voc\u00ea quiser, d\u00e1 para configurar seu navegador para bloquear cookies, mas a\u00ed pode ser que voc\u00ea n\u00e3o aproveite o site t\u00e3o bem.<\/span><\/p>\n<h2><b>Transfer\u00eancia Internacional de Dados<\/b><\/h2>\n<p><span style=\"font-weight: 400;\">\u00c0s vezes, para te oferecer o melhor servi\u00e7o, seus dados podem ser transferidos para fora da Uni\u00e3o Europeia. Mas calma, sempre tomamos todos os cuidados para garantir que seus dados estejam protegidos, n\u00e3o importa onde voc\u00ea esteja.<\/span><\/p>\n<h2><b>E Se a Empresa Mudar de Dono?<\/b><\/h2>\n<p><span style=\"font-weight: 400;\">Se algum dia, por algum motivo, a <\/span><b>Hero Spin <\/b><span style=\"font-weight: 400;\">\u00a0mudar de dono ou de estrutura, pode ser que seus dados sejam transferidos para a nova empresa. Mas, sem estresse: qualquer mudan\u00e7a importante, vamos te avisar.<\/span><\/p>\n<h2><b>Como Falar Com a Gente?<\/b><\/h2>\n<p><span style=\"font-weight: 400;\">Se voc\u00ea tiver qualquer d\u00favida sobre essa pol\u00edtica ou como a gente cuida dos seus dados, pode falar com a gente a qualquer momento. Estamos sempre por aqui para ajudar.<\/span><\/p>\n<h2><b>Atualiza\u00e7\u00f5es da Pol\u00edtica<\/b><\/h2>\n<p><span style=\"font-weight: 400;\">Essa pol\u00edtica pode passar por mudan\u00e7as de vez em quando, t\u00e1? Ent\u00e3o, fica de olho aqui no site para n\u00e3o perder nada importante.<\/span><\/p>\n<p>&nbsp;<\/p>\n<style>\nh1, h2, h3 {\n    color: white;\n}\n<\/style>\n","protected":false},"excerpt":{"rendered":"<p>Nossa Pol\u00edtica de Privacidade Fala, meu chapa! A gente sabe que voc\u00ea se importa com a sua privacidade, e aqui no HeroSpin, a gente tamb\u00e9m se importa. Ent\u00e3o, queremos te contar tudo sobre como a gente cuida dos seus dados enquanto voc\u00ea curte os jogos aqui com a gente. Fique tranquilo, a gente vai explicar [&hellip;]<\/p>\n","protected":false},"author":1,"featured_media":0,"parent":0,"menu_order":0,"comment_status":"closed","ping_status":"closed","template":"","meta":{"_acf_changed":false,"footnotes":""},"class_list":["post-2503","page","type-page","status-publish","hentry"],"acf":[],"yoast_head":"<!-- This site is optimized with the Yoast SEO plugin v26.4 - https:\/\/yoast.com\/wordpress\/plugins\/seo\/ -->\n<title>HeroSpins Casino: Pol\u00edtica de Privacidade | Portugal<\/title>\n<meta name=\"description\" content=\"Saiba como o HeroSpin protege seus dados pessoais. Descubra nossas pr\u00e1ticas de privacidade e como garantimos uma experi\u00eancia de jogo segura em Portugal.\" \/>\n<meta name=\"robots\" content=\"index, follow, max-snippet:-1, max-image-preview:large, max-video-preview:-1\" \/>\n<link rel=\"canonical\" href=\"https:\/\/casino-bk-site61.top\/privacy-policy\/\" \/>\n<meta property=\"og:locale\" content=\"ru_RU\" \/>\n<meta property=\"og:type\" content=\"article\" \/>\n<meta property=\"og:title\" content=\"HeroSpins Casino: Pol\u00edtica de Privacidade | Portugal\" \/>\n<meta property=\"og:description\" content=\"Saiba como o HeroSpin protege seus dados pessoais. Descubra nossas pr\u00e1ticas de privacidade e como garantimos uma experi\u00eancia de jogo segura em Portugal.\" \/>\n<meta property=\"og:url\" content=\"https:\/\/casino-bk-site61.top\/privacy-policy\/\" \/>\n<meta property=\"og:site_name\" content=\"casino-bk-site61.top\" \/>\n<meta property=\"article:modified_time\" content=\"2025-11-09T19:28:34+00:00\" \/>\n<meta name=\"twitter:card\" content=\"summary_large_image\" \/>\n<meta name=\"twitter:label1\" content=\"\u041f\u0440\u0438\u043c\u0435\u0440\u043d\u043e\u0435 \u0432\u0440\u0435\u043c\u044f \u0434\u043b\u044f \u0447\u0442\u0435\u043d\u0438\u044f\" \/>\n\t<meta name=\"twitter:data1\" content=\"5 \u043c\u0438\u043d\u0443\u0442\" \/>\n<script type=\"application\/ld+json\" class=\"yoast-schema-graph\">{\"@context\":\"https:\/\/schema.org\",\"@graph\":[{\"@type\":\"WebPage\",\"@id\":\"https:\/\/casino-bk-site61.top\/privacy-policy\/\",\"url\":\"https:\/\/casino-bk-site61.top\/privacy-policy\/\",\"name\":\"HeroSpins Casino: Pol\u00edtica de Privacidade | Portugal\",\"isPartOf\":{\"@id\":\"https:\/\/casino-bk-site61.top\/#website\"},\"datePublished\":\"2025-11-09T19:28:20+00:00\",\"dateModified\":\"2025-11-09T19:28:34+00:00\",\"description\":\"Saiba como o HeroSpin protege seus dados pessoais. Descubra nossas pr\u00e1ticas de privacidade e como garantimos uma experi\u00eancia de jogo segura em Portugal.\",\"breadcrumb\":{\"@id\":\"https:\/\/casino-bk-site61.top\/privacy-policy\/#breadcrumb\"},\"inLanguage\":\"ru-RU\",\"potentialAction\":[{\"@type\":\"ReadAction\",\"target\":[\"https:\/\/casino-bk-site61.top\/privacy-policy\/\"]}]},{\"@type\":\"BreadcrumbList\",\"@id\":\"https:\/\/casino-bk-site61.top\/privacy-policy\/#breadcrumb\",\"itemListElement\":[{\"@type\":\"ListItem\",\"position\":1,\"name\":\"\u0413\u043b\u0430\u0432\u043d\u0430\u044f \u0441\u0442\u0440\u0430\u043d\u0438\u0446\u0430\",\"item\":\"https:\/\/casino-bk-site61.top\/\"},{\"@type\":\"ListItem\",\"position\":2,\"name\":\"Privacy Policy\"}]},{\"@type\":\"WebSite\",\"@id\":\"https:\/\/casino-bk-site61.top\/#website\",\"url\":\"https:\/\/casino-bk-site61.top\/\",\"name\":\"casino-bk-site61.top\",\"description\":\"\",\"potentialAction\":[{\"@type\":\"SearchAction\",\"target\":{\"@type\":\"EntryPoint\",\"urlTemplate\":\"https:\/\/casino-bk-site61.top\/?s={search_term_string}\"},\"query-input\":{\"@type\":\"PropertyValueSpecification\",\"valueRequired\":true,\"valueName\":\"search_term_string\"}}],\"inLanguage\":\"ru-RU\"}]}<\/script>\n<!-- \/ Yoast SEO plugin. -->","yoast_head_json":{"title":"HeroSpins Casino: Pol\u00edtica de Privacidade | Portugal","description":"Saiba como o HeroSpin protege seus dados pessoais. Descubra nossas pr\u00e1ticas de privacidade e como garantimos uma experi\u00eancia de jogo segura em Portugal.","robots":{"index":"index","follow":"follow","max-snippet":"max-snippet:-1","max-image-preview":"max-image-preview:large","max-video-preview":"max-video-preview:-1"},"canonical":"https:\/\/casino-bk-site61.top\/privacy-policy\/","og_locale":"ru_RU","og_type":"article","og_title":"HeroSpins Casino: Pol\u00edtica de Privacidade | Portugal","og_description":"Saiba como o HeroSpin protege seus dados pessoais. Descubra nossas pr\u00e1ticas de privacidade e como garantimos uma experi\u00eancia de jogo segura em Portugal.","og_url":"https:\/\/casino-bk-site61.top\/privacy-policy\/","og_site_name":"casino-bk-site61.top","article_modified_time":"2025-11-09T19:28:34+00:00","twitter_card":"summary_large_image","twitter_misc":{"\u041f\u0440\u0438\u043c\u0435\u0440\u043d\u043e\u0435 \u0432\u0440\u0435\u043c\u044f \u0434\u043b\u044f \u0447\u0442\u0435\u043d\u0438\u044f":"5 \u043c\u0438\u043d\u0443\u0442"},"schema":{"@context":"https:\/\/schema.org","@graph":[{"@type":"WebPage","@id":"https:\/\/casino-bk-site61.top\/privacy-policy\/","url":"https:\/\/casino-bk-site61.top\/privacy-policy\/","name":"HeroSpins Casino: Pol\u00edtica de Privacidade | Portugal","isPartOf":{"@id":"https:\/\/casino-bk-site61.top\/#website"},"datePublished":"2025-11-09T19:28:20+00:00","dateModified":"2025-11-09T19:28:34+00:00","description":"Saiba como o HeroSpin protege seus dados pessoais. Descubra nossas pr\u00e1ticas de privacidade e como garantimos uma experi\u00eancia de jogo segura em Portugal.","breadcrumb":{"@id":"https:\/\/casino-bk-site61.top\/privacy-policy\/#breadcrumb"},"inLanguage":"ru-RU","potentialAction":[{"@type":"ReadAction","target":["https:\/\/casino-bk-site61.top\/privacy-policy\/"]}]},{"@type":"BreadcrumbList","@id":"https:\/\/casino-bk-site61.top\/privacy-policy\/#breadcrumb","itemListElement":[{"@type":"ListItem","position":1,"name":"\u0413\u043b\u0430\u0432\u043d\u0430\u044f \u0441\u0442\u0440\u0430\u043d\u0438\u0446\u0430","item":"https:\/\/casino-bk-site61.top\/"},{"@type":"ListItem","position":2,"name":"Privacy Policy"}]},{"@type":"WebSite","@id":"https:\/\/casino-bk-site61.top\/#website","url":"https:\/\/casino-bk-site61.top\/","name":"casino-bk-site61.top","description":"","potentialAction":[{"@type":"SearchAction","target":{"@type":"EntryPoint","urlTemplate":"https:\/\/casino-bk-site61.top\/?s={search_term_string}"},"query-input":{"@type":"PropertyValueSpecification","valueRequired":true,"valueName":"search_term_string"}}],"inLanguage":"ru-RU"}]}},"amp_enabled":true,"_links":{"self":[{"href":"https:\/\/casino-bk-site61.top\/wp-json\/wp\/v2\/pages\/2503","targetHints":{"allow":["GET"]}}],"collection":[{"href":"https:\/\/casino-bk-site61.top\/wp-json\/wp\/v2\/pages"}],"about":[{"href":"https:\/\/casino-bk-site61.top\/wp-json\/wp\/v2\/types\/page"}],"author":[{"embeddable":true,"href":"https:\/\/casino-bk-site61.top\/wp-json\/wp\/v2\/users\/1"}],"replies":[{"embeddable":true,"href":"https:\/\/casino-bk-site61.top\/wp-json\/wp\/v2\/comments?post=2503"}],"version-history":[{"count":2,"href":"https:\/\/casino-bk-site61.top\/wp-json\/wp\/v2\/pages\/2503\/revisions"}],"predecessor-version":[{"id":2505,"href":"https:\/\/casino-bk-site61.top\/wp-json\/wp\/v2\/pages\/2503\/revisions\/2505"}],"wp:attachment":[{"href":"https:\/\/casino-bk-site61.top\/wp-json\/wp\/v2\/media?parent=2503"}],"curies":[{"name":"wp","href":"https:\/\/api.w.org\/{rel}","templated":true}]}}